{"id":176,"date":"2010-02-02T23:58:08","date_gmt":"2010-02-02T21:58:08","guid":{"rendered":"http:\/\/www.aggertalersegelclub.de\/wordpress\/?page_id=176"},"modified":"2022-05-28T21:05:52","modified_gmt":"2022-05-28T19:05:52","slug":"online-melden-2","status":"publish","type":"page","link":"https:\/\/www.aggertalersegelclub.de\/?page_id=176","title":{"rendered":"Online melden"},"content":{"rendered":"<p><img loading=\"lazy\" decoding=\"async\" class=\"aligncenter size-full wp-image-280\" title=\"onlinemeld\" src=\"http:\/\/www.aggertalersegelclub.de\/wordpress\/wp-content\/uploads\/2010\/02\/onlinemeld.jpg\" alt=\"\" width=\"600\" height=\"256\" srcset=\"https:\/\/www.aggertalersegelclub.de\/wordpress\/wp-content\/uploads\/2010\/02\/onlinemeld.jpg 600w, https:\/\/www.aggertalersegelclub.de\/wordpress\/wp-content\/uploads\/2010\/02\/onlinemeld-300x128.jpg 300w\" sizes=\"auto, (max-width: 600px) 100vw, 600px\" \/><\/p>\n<div class=\"wpforms-container wpforms-container-full\" id=\"wpforms-5151\"><form id=\"wpforms-form-5151\" class=\"wpforms-validate wpforms-form wpforms-ajax-form\" data-formid=\"5151\" method=\"post\" enctype=\"multipart\/form-data\" action=\"\/index.php?rest_route=%2Fwp%2Fv2%2Fpages%2F176\" data-token=\"dcfd1d861c91894ae7c2062be4c40f87\" data-token-time=\"1777400929\"><noscript class=\"wpforms-error-noscript\">Bitte aktiviere JavaScript in deinem Browser, um dieses Formular fertigzustellen.<\/noscript><div class=\"wpforms-field-container\"><div id=\"wpforms-5151-field_0-container\" class=\"wpforms-field wpforms-field-name\" data-field-id=\"0\"><label class=\"wpforms-field-label\">Name <span class=\"wpforms-required-label\">*<\/span><\/label><div class=\"wpforms-field-row wpforms-field-medium\"><div class=\"wpforms-field-row-block wpforms-first wpforms-one-half\"><input type=\"text\" id=\"wpforms-5151-field_0\" class=\"wpforms-field-name-first wpforms-field-required\" name=\"wpforms[fields][0][first]\" required><label for=\"wpforms-5151-field_0\" class=\"wpforms-field-sublabel after\">Vorname<\/label><\/div><div class=\"wpforms-field-row-block wpforms-one-half\"><input type=\"text\" id=\"wpforms-5151-field_0-last\" class=\"wpforms-field-name-last wpforms-field-required\" name=\"wpforms[fields][0][last]\" required><label for=\"wpforms-5151-field_0-last\" class=\"wpforms-field-sublabel after\">Nachname<\/label><\/div><\/div><\/div><div id=\"wpforms-5151-field_1-container\" class=\"wpforms-field wpforms-field-email\" data-field-id=\"1\"><label class=\"wpforms-field-label\" for=\"wpforms-5151-field_1\">Email <span class=\"wpforms-required-label\">*<\/span><\/label><input type=\"email\" id=\"wpforms-5151-field_1\" class=\"wpforms-field-medium wpforms-field-required\" name=\"wpforms[fields][1]\" spellcheck=\"false\" required><\/div><div id=\"wpforms-5151-field_5-container\" class=\"wpforms-field wpforms-field-select wpforms-field-select-style-classic\" data-field-id=\"5\"><label class=\"wpforms-field-label\" for=\"wpforms-5151-field_5\">Regatta <span class=\"wpforms-required-label\">*<\/span><\/label><select id=\"wpforms-5151-field_5\" class=\"wpforms-field-medium wpforms-field-required\" name=\"wpforms[fields][5]\" required=\"required\"><option value=\"ASC-Clubmeisterschaft\"  class=\"choice-1 depth-1\"  >ASC-Clubmeisterschaft<\/option><\/select><\/div><div id=\"wpforms-5151-field_6-container\" class=\"wpforms-field wpforms-field-text\" data-field-id=\"6\"><label class=\"wpforms-field-label\" for=\"wpforms-5151-field_6\">Bootsklasse <span class=\"wpforms-required-label\">*<\/span><\/label><input type=\"text\" id=\"wpforms-5151-field_6\" class=\"wpforms-field-medium wpforms-field-required\" name=\"wpforms[fields][6]\" required><\/div><div id=\"wpforms-5151-field_7-container\" class=\"wpforms-field wpforms-field-text\" data-field-id=\"7\"><label class=\"wpforms-field-label\" for=\"wpforms-5151-field_7\">Segelnummer <span class=\"wpforms-required-label\">*<\/span><\/label><input type=\"text\" id=\"wpforms-5151-field_7\" class=\"wpforms-field-medium wpforms-field-required\" name=\"wpforms[fields][7]\" required><\/div><div id=\"wpforms-5151-field_8-container\" class=\"wpforms-field wpforms-field-text\" data-field-id=\"8\"><label class=\"wpforms-field-label\" for=\"wpforms-5151-field_8\">Steuermann <span class=\"wpforms-required-label\">*<\/span><\/label><input type=\"text\" id=\"wpforms-5151-field_8\" class=\"wpforms-field-medium wpforms-field-required\" name=\"wpforms[fields][8]\" required><\/div><div id=\"wpforms-5151-field_9-container\" class=\"wpforms-field wpforms-field-text\" data-field-id=\"9\"><label class=\"wpforms-field-label\" for=\"wpforms-5151-field_9\">Stra\u00dfe <span class=\"wpforms-required-label\">*<\/span><\/label><input type=\"text\" id=\"wpforms-5151-field_9\" class=\"wpforms-field-medium wpforms-field-required\" name=\"wpforms[fields][9]\" required><\/div><div id=\"wpforms-5151-field_10-container\" class=\"wpforms-field wpforms-field-text\" data-field-id=\"10\"><label class=\"wpforms-field-label\" for=\"wpforms-5151-field_10\">PLZ, Ort <span class=\"wpforms-required-label\">*<\/span><\/label><input type=\"text\" id=\"wpforms-5151-field_10\" class=\"wpforms-field-medium wpforms-field-required\" name=\"wpforms[fields][10]\" required><\/div><div id=\"wpforms-5151-field_11-container\" class=\"wpforms-field wpforms-field-text\" data-field-id=\"11\"><label class=\"wpforms-field-label\" for=\"wpforms-5151-field_11\">Geburtsdatum <span class=\"wpforms-required-label\">*<\/span><\/label><input type=\"text\" id=\"wpforms-5151-field_11\" class=\"wpforms-field-medium wpforms-field-required\" name=\"wpforms[fields][11]\" required><\/div><div id=\"wpforms-5151-field_12-container\" class=\"wpforms-field wpforms-field-text\" data-field-id=\"12\"><label class=\"wpforms-field-label\" for=\"wpforms-5151-field_12\">Telefon <span class=\"wpforms-required-label\">*<\/span><\/label><input type=\"text\" id=\"wpforms-5151-field_12\" class=\"wpforms-field-medium wpforms-field-required\" name=\"wpforms[fields][12]\" required><\/div><div id=\"wpforms-5151-field_13-container\" class=\"wpforms-field wpforms-field-text\" data-field-id=\"13\"><label class=\"wpforms-field-label\" for=\"wpforms-5151-field_13\">ISAF-Nr.<\/label><input type=\"text\" id=\"wpforms-5151-field_13\" class=\"wpforms-field-medium\" name=\"wpforms[fields][13]\" ><\/div><div id=\"wpforms-5151-field_15-container\" class=\"wpforms-field wpforms-field-text\" data-field-id=\"15\"><label class=\"wpforms-field-label\" for=\"wpforms-5151-field_15\">Club <span class=\"wpforms-required-label\">*<\/span><\/label><input type=\"text\" id=\"wpforms-5151-field_15\" class=\"wpforms-field-medium wpforms-field-required\" name=\"wpforms[fields][15]\" required><\/div><div id=\"wpforms-5151-field_16-container\" class=\"wpforms-field wpforms-field-text\" data-field-id=\"16\"><label class=\"wpforms-field-label\" for=\"wpforms-5151-field_16\">DSV-Nummer<\/label><input type=\"text\" id=\"wpforms-5151-field_16\" class=\"wpforms-field-medium\" name=\"wpforms[fields][16]\" ><\/div><div id=\"wpforms-5151-field_17-container\" class=\"wpforms-field wpforms-field-text\" data-field-id=\"17\"><label class=\"wpforms-field-label\" for=\"wpforms-5151-field_17\">Vorschoter <span class=\"wpforms-required-label\">*<\/span><\/label><input type=\"text\" id=\"wpforms-5151-field_17\" class=\"wpforms-field-medium wpforms-field-required\" name=\"wpforms[fields][17]\" required><\/div><div id=\"wpforms-5151-field_2-container\" class=\"wpforms-field wpforms-field-textarea\" data-field-id=\"2\"><label class=\"wpforms-field-label\" for=\"wpforms-5151-field_2\">Bemerkungen<\/label><textarea id=\"wpforms-5151-field_2\" class=\"wpforms-field-medium\" name=\"wpforms[fields][2]\" ><\/textarea><\/div><\/div><!-- .wpforms-field-container --><div class=\"wpforms-submit-container\" ><input type=\"hidden\" name=\"wpforms[id]\" value=\"5151\"><input type=\"hidden\" name=\"page_title\" value=\"\"><input type=\"hidden\" name=\"page_url\" value=\"https:\/\/www.aggertalersegelclub.de\/index.php?rest_route=\/wp\/v2\/pages\/176\"><input type=\"hidden\" name=\"url_referer\" value=\"\"><button type=\"submit\" name=\"wpforms[submit]\" id=\"wpforms-submit-5151\" class=\"wpforms-submit\" data-alt-text=\"Sending...\" data-submit-text=\"Melden!\" aria-live=\"assertive\" value=\"wpforms-submit\">Melden!<\/button><img loading=\"lazy\" decoding=\"async\" src=\"https:\/\/www.aggertalersegelclub.de\/wordpress\/wp-content\/plugins\/wpforms-lite\/assets\/images\/submit-spin.svg\" class=\"wpforms-submit-spinner\" style=\"display: none;\" width=\"26\" height=\"26\" alt=\"Wird geladen\"><\/div><\/form><\/div>  <!-- .wpforms-container -->\n<p>Die mit diesem Formular \u00fcbermittelten Daten werden nur intern gem\u00e4\u00df unserer Datenschutzerkl\u00e4rung verarbeitet und gespeichert und nicht an Dritte weitergegeben. Damit erkl\u00e4re ich mich mit Klicken des &#8222;Melden!&#8220;-Buttons einverstanden.<\/p>\n<p>Mit Klicken des &#8222;Melden!&#8220;-Buttons erkennen sie die Haftungsbedingungen an:<\/p>\n<table border=\"0\">\n<tbody>\n<tr>\n<td dir=\"\" lang=\"\" colspan=\"1\" scope=\"\" align=\"left\" valign=\"top\">Haftungsausschluss:<\/td>\n<td dir=\"\" lang=\"\" colspan=\"1\" scope=\"\" align=\"left\" valign=\"top\">Ein vollst\u00e4ndig ausgef\u00fcllter und unterschriebenerHaftungsausschluss&nbsp;ist bei der Registrierung abzugeben.<br \/>\nBei minderj\u00e4hrigen Teilnehmern ist die Unterschrift eines Erziehungsberechtigten erforderlich.<\/td>\n<\/tr>\n<tr>\n<td dir=\"\" lang=\"\" colspan=\"1\" scope=\"\" align=\"left\" valign=\"top\">Haftungsbedingungen:<\/td>\n<td dir=\"\" lang=\"\" colspan=\"1\" scope=\"\" align=\"left\" valign=\"top\">Die Verantwortung f\u00fcr die Entscheidung eines Bootsf\u00fchrers, an einer Wettfahrt teilzunehmen oder sie fortzusetzen, liegt allein bei ihm, er \u00fcbernimmt insoweit auch die Verantwortung f\u00fcr seine Mannschaft. Der Bootsf\u00fchrer ist f\u00fcr die Eignung und das richtige seem\u00e4nnische Verhalten seiner Crew sowie f\u00fcr die Eignung und den verkehrssicheren Zustand des gemeldeten Bootes verantwortlich. Der Veranstalter ist berechtigt, in F\u00e4llen h\u00f6herer Gewalt oder aufgrund Beh\u00f6rdlicher Anordnungen oder aus Sicherheitsgr\u00fcnden, \u00c4nderungen in der Durchf\u00fchrung der Veranstaltung vorzunehmen oder die Veranstaltung abzusagen. In diesen F\u00e4llen besteht keine Schadenersatzverpflichtung des Veranstalters gegen\u00fcber dem Teilnehmer. Eine Haftung des Veranstalters, gleich aus welchem Rechtsgrund, f\u00fcr Sach- und Verm\u00f6genssch\u00e4den jeder Art und deren Folgen, die dem Teilnehmer w\u00e4hrend oder im Zusammenhang mit der Teilnahme an der Veranstaltung durch ein Verhalten des Veranstalters, seiner Vertreter, Erf\u00fcllungsgehilfen oder Beauftragten entstehen, ist bei der Verletzung von Pflichten, die nicht Haupt-\/bzw. vertragswesentliche Pflichten (Kardinalpflichten) sind, beschr\u00e4nkt auf Sch\u00e4den, die vors\u00e4tzlich oder grob fahrl\u00e4ssig verursacht wurden. Bei der Verletzung von Kardinalpflichten ist die Haftung des Veranstalters in F\u00e4llen einfacher Fahrl\u00e4ssigkeit beschr\u00e4nkt auf vorhersehbare, typischerweise eintretende Sch\u00e4den. Soweit die Schadenersatzhaftung des Veranstalters ausgeschlossen oder eingeschr\u00e4nkt ist, befreit der Teilnehmer von der pers\u00f6nlichen Schadenersatzhaftung auch die Angestellten \u2013 Arbeitnehmer und Mitarbeiter \u2013 Vertreter Erf\u00fcllungsgehilfen, Sponsoren und Personen, die Schlepp-, Sicherungs-, oder Bergungsfahrzeuge bereitstellen, f\u00fchren oder bei deren Einsatz behilflich sind, sowie auch alle anderen Personen, denen im Zusammenhang mit der Durchf\u00fchrung der Veranstaltung ein Auftrag erteilt worden ist. Die g\u00fcltigen Wettfahrtregeln der ISAF, die Klassenvorschriften sowie die Vorschriften der Ausschreibung und Segelanweisung sind einzuhalten und werden ausdr\u00fccklich anerkannt. Es gilt das Recht der Bundesrepublik Deutschland.<\/td>\n<\/tr>\n<\/tbody>\n<\/table>\n","protected":false},"excerpt":{"rendered":"<p>Die mit diesem Formular \u00fcbermittelten Daten werden nur intern gem\u00e4\u00df unserer Datenschutzerkl\u00e4rung verarbeitet und gespeichert und nicht an Dritte weitergegeben. Damit erkl\u00e4re ich mich mit Klicken des &#8222;Melden!&#8220;-Buttons einverstanden. Mit Klicken des &#8222;Melden!&#8220;-Buttons erkennen sie die Haftungsbedingungen an: Haftungsausschluss: Ein vollst\u00e4ndig ausgef\u00fcllter und unterschriebenerHaftungsausschluss&nbsp;ist bei der Registrierung abzugeben. Bei minderj\u00e4hrigen Teilnehmern ist die Unterschrift eines [&hellip;]<\/p>\n","protected":false},"author":1,"featured_media":0,"parent":134,"menu_order":4,"comment_status":"closed","ping_status":"closed","template":"","meta":{"ngg_post_thumbnail":0,"footnotes":"","_links_to":"","_links_to_target":""},"class_list":["post-176","page","type-page","status-publish","hentry"],"_links":{"self":[{"href":"https:\/\/www.aggertalersegelclub.de\/index.php?rest_route=\/wp\/v2\/pages\/176","targetHints":{"allow":["GET"]}}],"collection":[{"href":"https:\/\/www.aggertalersegelclub.de\/index.php?rest_route=\/wp\/v2\/pages"}],"about":[{"href":"https:\/\/www.aggertalersegelclub.de\/index.php?rest_route=\/wp\/v2\/types\/page"}],"author":[{"embeddable":true,"href":"https:\/\/www.aggertalersegelclub.de\/index.php?rest_route=\/wp\/v2\/users\/1"}],"replies":[{"embeddable":true,"href":"https:\/\/www.aggertalersegelclub.de\/index.php?rest_route=%2Fwp%2Fv2%2Fcomments&post=176"}],"version-history":[{"count":17,"href":"https:\/\/www.aggertalersegelclub.de\/index.php?rest_route=\/wp\/v2\/pages\/176\/revisions"}],"predecessor-version":[{"id":5159,"href":"https:\/\/www.aggertalersegelclub.de\/index.php?rest_route=\/wp\/v2\/pages\/176\/revisions\/5159"}],"up":[{"embeddable":true,"href":"https:\/\/www.aggertalersegelclub.de\/index.php?rest_route=\/wp\/v2\/pages\/134"}],"wp:attachment":[{"href":"https:\/\/www.aggertalersegelclub.de\/index.php?rest_route=%2Fwp%2Fv2%2Fmedia&parent=176"}],"curies":[{"name":"wp","href":"https:\/\/api.w.org\/{rel}","templated":true}]}}